)). Suppose 2*n + 2*n - 348 = 0. Calculate the highest common divisor of n and l.
29
Suppose d = 5*t + 10 - 41, 4*t - d - 24 = 0. Suppose -4*u = -0*u - 244. Let r = u + -26. Calculate the highest common factor of t and r.
7
Suppose 8348 = 8*u + 16*u - 508. Let h = -97 - -138. Calculate the highest common divisor of h and u.
41
Let x(c) = 12*c - 132 + 94 + c**2 - 178. Let a be x(-24). Calculate the highest common factor of 396 and a.
36
Suppose 225433 = 294*p - 191411 + 123138. Calculate the highest common factor of 259 and p.
37
Let c(m) = -8*m - 60. Let b be c(-8). Suppose -6*d + b*d + 6 = 0. Calculate the highest common factor of 48 and d.
3
Suppose 43*v - 24380 - 31348 = 0. Calculate the greatest common divisor of 810 and v.
162
Let c be (-336)/(-36)*(-6)/4. Let g be (1 - 0) + 113/(-1). Let i be (-118)/c - 64/g. What is the highest common divisor of i and 99?
9
Let u be 1*((6 - 10/(-5)) + 6). Let x = -98 + 168. What is the greatest common factor of x and u?
14
Let m(p) = p**2 - 13*p + 20. Let y be m(9). Let f be y/6*9*2/(-8). Let x be -3*8/(-2)*f/4. What is the greatest common factor of x and 27?
9
Let p(j) = j**2 + 56*j - 398. Let k be p(8). Calculate the greatest common divisor of k and 152.
38
Let c be ((-5)/15)/((4/(-4))/243). Suppose 3*y = -b - 42, -5*y = -0*b + 4*b + 147. Let m = 42 + b. What is the highest common divisor of c and m?
9
Let g(z) = -9*z**2 + 3*z - 2. Let d be g(3). Suppose -573*y + 1102 = -555*y - 644. Let w = d + y. What is the greatest common factor of w and 92?
23
Suppose -20*o + 4980 = -15*o - 5*u, -2*o = -u - 1996. What is the greatest common factor of 280 and o?
40
Let i(c) = -7*c + 146. Let w = 733 + -715. Let m be i(w). Calculate the highest common factor of 1660 and m.
20
Let i(s) = 2*s**3 - 10*s**2 - 10*s - 5. Let n be (5 - (-5 - -4)) + (-14)/(-7). Let c be i(n). What is the greatest common divisor of 13 and c?
13
Let v(f) = -f**3 + 13*f**2 + 90*f + 63. Let c be v(18). What is the greatest common divisor of 9891 and c?
63
Suppose 40 = -2*a + 2*z, z = a + 2*z + 10. Let i(b) = -28*b - 68. Let y be i(a). Calculate the highest common factor of 32 and y.
32
Let g(o) = o - 28. Let k be g(37). Suppose -y + k*y = 480. Calculate the greatest common factor of y and 15.
15
Let t = 4 + 4. Suppose -a = -7 - t. Suppose -4*m = -30*g + 27*g + 13, -5*m = 5. What is the greatest common factor of g and a?
3
Let i be (-224)/(-22) + -5 + 265/55. Let n be (1/3)/(i/210). Suppose 10*k - n*k = 33. Calculate the highest common factor of k and 33.
11
Suppose 11*v = 6*g + 8*v - 6654, 5*g - 4*v - 5539 = 0. Calculate the highest common factor of 154 and g.
11
Let z = -28 + 31. Let o be (-2)/z*((-1011)/6 + -4). Suppose b + 76 = o. What is the greatest common factor of 52 and b?
13
Let m = -17217 + 17288. Calculate the highest common factor of 19667 and m.
71
Suppose -2*k + 2*q + 550 = 0, 215*k - 219*k - 4*q + 1084 = 0. What is the greatest common divisor of 663 and k?
39
Let y = -79 + -194. Let n = y - -285. Calculate the highest common factor of 300 and n.
12
Let q(x) = -x**2 + 9*x - 1. Let g be q(9). Let f be 2*g*86/4. Let u = f + 58. What is the greatest common factor of u and 10?
5
Let c be 414/(-23) + 495/11. Calculate the highest common factor of c and 63.
9
Suppose 489*v = 1258681 + 151106. Calculate the highest common divisor of v and 651.
93
Suppose 0 = 34*p - 3918 - 7642. Suppose 2*g - 4*x = -5*x + p, -x = 0. Calculate the highest common divisor of g and 102.
34
Let a(w) = 129*w - 5137. Let d be a(40). What is the highest common divisor of d and 437?
23
Let u = -502 + 538. Suppose -u*d + 710 = -26*d. Calculate the highest common divisor of d and 568.
71
Let l be (-6 + 6)*(-4)/8. Suppose l = -4*m + 3 + 5. Let x(t) = 5*t + 2. Let a be x(m). Calculate the greatest common divisor of a and 18.
6
Let c(q) = 435*q**2 + 16*q - 28. Let t be c(2). Calculate the greatest common factor of 48 and t.
16
Let x be (-210)/(-66) + (-2)/11. Suppose -3*y - x*z + 339 = 0, -4*y + 4*z + 425 = -z. Suppose -y = 2*j - 136. Calculate the greatest common factor of 104 and j.
13
Suppose 2*v + 353740 + 299108 = 338*v. What is the greatest common divisor of v and 232?
29
Suppose -4*q - 448 = 3*a - 0*q, -304 = 2*a + 4*q. Let y = a - -252. Calculate the greatest common divisor of 4 and y.
4
Let a(v) = -25*v + 56. Let c be a(-32). What is the greatest common divisor of 8 and c?
8
Let u be (457*-1)/(-16 - 444/(-28)). Calculate the greatest common divisor of u and 63.
7
Let h = -7200 - -11790. Calculate the highest common divisor of h and 18.
18
Suppose 6 + 6 = 6*b. Suppose 0 = 4*w + b*v - 6, -w = -2*w + v - 3. Suppose w = -5*r + 57 + 13. Calculate the greatest common factor of r and 14.
14
Let b(k) = -13*k**3 - 8 + 11*k**3 + 6*k**2 - 4*k + k**3 + 0*k**2. Let h be b(4). What is the greatest common factor of 240 and h?
8
Let h = 41473 + -25738. What is the highest common factor of 15 and h?
15
Let a be 224145/60 - 4/(-16). Calculate the highest common divisor of 2 and a.
2
Let n be (363/11)/(3*(2 - 1)). Suppose 6 = 5*g - 9. Suppose 0 = g*m - 4*m + 11. Calculate the greatest common divisor of n and m.
11
Let i = -239 - -524. Calculate the highest common divisor of 608 and i.
19
Let d = -223 + 279. Suppose -w + d = n - 5, -4*w - 5*n = -245. What is the greatest common factor of 24 and w?
12
Suppose -638*l + 652*l = 3685 + 39. What is the highest common divisor of 209 and l?
19
Let j(i) = -i**3 - 3*i**2 - i + 1. Let g be j(-3). Suppose g + 11 = 3*q. Let a be -12 + 189/15 + (-14)/(-10). Calculate the greatest common divisor of q and a.
1
Let l(v) = v**3 + 2*v**2 + v. Let y be l(3). What is the greatest common divisor of 1416 and y?
24
Suppose -2*q - 171 = -167, -3*h + 764 = -4*q. What is the highest common divisor of h and 7686?
126
Let p be 0 + (1851/6 - (-8)/(-16)). Let a = 342 - p. What is the highest common factor of a and 34?
34
Let s = -42 - -45. Suppose 5*w + s = -3*r, 3*w = 8*w - 15. Let a be 40 - 8/(-12)*r. What is the highest common divisor of 12 and a?
12
Let x be -845 + 0 + (-3)/1. Let o be (-6)/(-4)*x/(-24). Let t = -46 + o. Calculate the greatest common factor of 1 and t.
1
Let u = 266 + -276. Let v be 1*(0 - 4) - u. Calculate the greatest common divisor of v and 114.
6
Suppose -8*k = k - 828. Let f = 25 - k. Let h be (-8)/20 + -2 + f/(-5). Calculate the highest common divisor of 11 and h.
11
Let r be (((-4)/(-2))/(-2))/((-469)/14070). Calculate the highest common factor of 70 and r.
10
Let b(w) = 87*w**3 + w**2 - w + 1. Let g be b(1). Let i = 7088 - 6934. What is the highest common divisor of i and g?
22
Let x(n) = n**3 + 18*n**2 - 8*n - 97. Let j be x(-18). What is the highest common divisor of j and 8507?
47
Let c(z) = -3*z + 50. Let s be c(15). Suppose 0 = 14*l - 16*l + 6, s*q - l = 1017. Calculate the greatest common factor of 24 and q.
12
Let y(r) = 4*r**2 + 32*r + 764. Let a be y(-17). Calculate the highest common factor of 288 and a.
32
Suppose 686 = -27*p - 22*p. Let v be 310 + (12 - 14*(-7)/p). Let g = 10 + 25. What is the highest common factor of v and g?
35
Let d = -999 + 1059. Calculate the greatest common divisor of 636 and d.
12
Let q(x) = -39*x**3 - x**2 + 3. Let h be q(2). Let i = -17 - h. Let d = i + -92. Calculate the highest common factor of d and 12.
12
Suppose 191*c - 10 = 181*c. Let b(k) = 2*k**2 + 2*k - 10. Let q be b(2). Calculate the greatest common factor of q and c.
1
Suppose 0 = -6*p - 537 + 3309. Calculate the greatest common factor of p and 210.
42
Let g = -7436 - -7499. What is the highest common divisor of 2163 and g?
21
Suppose -o + 18 = 2*t, 3*t - 53 = 3*o - 8. Suppose 13*a = t*a. Suppose -j - 74 = -w - 28, a = -3*j + 12. What is the highest common divisor of w and 20?
10
Suppose 4*y + 2*l - 210 = 0, 3*y - 7570 = -l - 7405. Let t = 1188 + -708. What is the highest common factor of t and y?
60
Let q = -473 + 697. Suppose o + 125 = 5*o - i, -148 = -5*o + 4*i. Calculate the highest common divisor of q and o.
32
Suppose 2*x = -0*x - 56. Let g = x + 28. Suppose g*s - 2*u = 3*s - 41, 0 = 5*u - 5. What is the highest common factor of s and 26?
13
Let s(m) = -m**2 - 4*m - 25. Let u be s(6). Let k be 17/u + (1 - 202/(-10)). Suppose 2*a - 49 = 7. What is the greatest common divisor of a and k?
7
Suppose 4*k - 102*u - 76 = -99*u